**2 - 12*k + 4. Let t be u(a). Calculate the remainder when 53 is divided by (12 - -1) + t/(-6).
11
Calculate the remainder when (-608)/48*6/(-4) is divided by (6/2)/(2 - (-49)/(-35)).
4
Suppose 2*a - 142 = -26. Suppose 2*k + w - a = 0, 3*k - 3*w - 69 = -0*k. Calculate the remainder when 129 is divided by k.
21
Suppose 3*g = 15, g + 41 = 8*j - 6*j. Let l = -959 + 1009. What is the remainder when l is divided by j?
4
Let a = -107 + 218. Suppose 9*t - 552 = -a. Calculate the remainder when 190 is divided by t.
43
Let j = 25 + 16. Let z(o) = o**2 - 6*o - 5. Let p = 21 + -13. Calculate the remainder when j is divided by z(p).
8
Let j = -20379 - -20690. Calculate the remainder when 948 is divided by j.
15
Let u be ((-166)/4)/(-5 + (-88)/(-16)). Let b = -67 - u. Suppose -3*i - 75 = 3*f - 324, -2*i - 68 = -f. Calculate the remainder when f is divided by b.
14
Suppose 2*o + 13 + 27 = 0. Calculate the remainder when 73 is divided by (-219)/(-9) + o/(-30).
23
Suppose 9555 + 4900 = 290*a + 2565. Calculate the remainder when 1112 is divided by a.
5
What is the remainder when 415 is divided by 2254/22 + (-2460)/(-4510)?
3
Let c = 145 + -35. Suppose 7*q + 13 = 8*q. Calculate the remainder when c is divided by (-49)/(-3) + 0 - q/39.
14
What is the remainder when 15581 is divided by -9 - (1/16 - 51390/480)?
97
Suppose -2*b + 4*l = -26, 2*b + 29 = 4*b - 3*l. Let t be 586/6 - 14/21. Let d = t - 65. Calculate the remainder when d is divided by b.
13
Let u(p) = -p**3 - 30*p**2 - 31*p - 53. Let j be u(-29). Suppose -2*i = -5*w + 581, -j*w + 593 = 4*i - 0*i. Calculate the remainder when w is divided by 30.
27
Suppose 2*q + 84 = 2*y, -20*y - 4*q = -15*y - 129. Let k(p) = -39*p - 5. What is the remainder when k(-6) is divided by y?
31
Let a(i) = 39*i**2 - 14*i + 2 - 40*i**2 + 3. Calculate the remainder when 199 is divided by a(-5).
49
Suppose w - 24 = -4*m, 0 = -5*w - m + 4*m + 212. What is the remainder when (-950)/(-6) - (8/(-12))/1 is divided by w?
39
Suppose -583 = -5*k + 4*y, -5*k - 4*y = -5*y - 592. Let t = 184 - 154. Suppose t = 21*a - 20*a. What is the remainder when k is divided by a?
29
Suppose 11 = 4*j - 5. Suppose -3*p - 2*i + 346 = 0, -67*i = p - 64*i - 106. Suppose -z + 133 = p. What is the remainder when z is divided by j?
3
Suppose 4*k = -2*t - 4, 4*t + 3*k + 2 = -1. Suppose t = 8*m - 3*m - 110. Calculate the remainder when m is divided by 6.
4
Suppose -38*z + 40*z - 4*s - 2 = 0, 0 = -2*s. Calculate the remainder when (z + (5 - 29/4))*-56 is divided by (-16)/(-2)*18/8.
16
Let s = -6327 + 6356. Calculate the remainder when 32 is divided by s.
3
Suppose 23*p - 17 = 167. Suppose -4*r = 3*y - 8, 0 = 4*r - 0*y + 2*y - 8. Suppose k - 159 = -r*k. What is the remainder when k is divided by p?
5
Suppose 22 - 274 = -14*w. Suppose -w*r - 94 = -4*y - 20*r, -4*r + 4 = 0. Calculate the remainder when 60 is divided by y.
14
Calculate the remainder when 1101 is divided by 56*(-28)/(-294)*3/2.
5
Let c(x) = 43*x**2 + 1. Let y be c(-1). Let i = -44 + y. Suppose i = -10*l + 14*l - 32. What is the remainder when 14 is divided by l?
6
Suppose 0*n = -3*d - n + 145, -3*n - 237 = -5*d. Let m = 36 + d. Calculate the remainder when m is divided by 22.
18
Suppose -19*q + 13 = -44. Suppose -q*f - 2*l + 32 = 0, -f - 2*l + 4 + 0 = 0. Calculate the remainder when 69 is divided by f.
13
Let y be 15/(-6)*10/(-75)*6. Suppose y*c + 3*s - 90 = -3*c, 0 = -c + 3*s. What is the remainder when ((-44)/3)/(2/(-6)) is divided by c?
14
Let b(w) = 11*w - 14. Calculate the remainder when (-152)/12*3/6*-15 is divided by b(2).
7
Suppose 0 = -2*s - 2*p + 484, 128*p - 132*p + 726 = 3*s. What is the remainder when s is divided by 153?
89
Let k = -1013 + 1043. Let h(v) be the third derivative of v**5/4 + v**4/12 + v**3/3 - 2*v**2. What is the remainder when h(-2) is divided by k?
28
Suppose 2*m + 3 = 19. Let j(y) = y**3 + 16*y**2 - 18*y + 13. Suppose k - 3*c + 11 = -0*c, 5*k + 89 = -2*c. Calculate the remainder when j(k) is divided by m.
6
Let q(w) = -7*w + 109. Let f(u) = 7*u - 109. Let k(g) = 6*f(g) + 7*q(g). Calculate the remainder when 12 is divided by k(15).
0
Let z(u) be the second derivative of u**3/3 + 83*u**2/2 + 97*u - 3. Calculate the remainder when 455 is divided by z(5).
83
Suppose -11*l + 10*l - 345 = 0. Let m = l - -512. What is the remainder when 111 is divided by m/6 + (-1)/(-6)?
27
Let o = -56 - -60. Suppose -3*d = o + 5, 2*d = 2*x - 36. Suppose 3*t - x = u, -5*u + 24 = 5*t - 1. What is the remainder when 11 is divided by t?
1
Let k(y) = -6*y**2 + 202*y - 220. Calculate the remainder when k(32) is divided by (-1)/2*-2 - -33.
32
Suppose 0 = 12*q - 6*q + 12. Let l = 6 - -6. What is the remainder when ((-116)/6)/(3/18*q) is divided by l?
10
Suppose 0*y = -3*y - 5*z - 20, 4 = 2*y - z. Suppose 7*q - 37 - 138 = y. Calculate the remainder when 127 is divided by q/(-15) - 1/3 - -15.
10
Let w(k) be the second derivative of 11*k**4/3 + k**3/6 + k. Suppose 3*j = i - 30, 3*i - 3*j - 58 = -4. Calculate the remainder when w(-1) is divided by i.
7
Let w = -7382 - -7658. Calculate the remainder when w is divided by 112.
52
Suppose -4896*i + 4933*i = 1184. Calculate the remainder when 511 is divided by i.
31
Calculate the remainder when 14/35*(-64260)/(-56) is divided by 198.
63
What is the remainder when 47 is divided by 6 + ((-84)/(-33) - 6/11)*-1?
3
Suppose 13*z + 2420 = 3343. Suppose 19*t = 7*t + 120. What is the remainder when z is divided by t?
1
Let k = 27 - 9. Suppose 280 = -52*a + 32*a. Calculate the remainder when k is divided by 7/3*6*(-7)/a.
4
Suppose -193 + 5 = 4*y + 5*a, -4*a - 16 = 0. What is the remainder when 8 is divided by (-161)/y - 2/(-12)?
0
Let t = 16302 - 16142. What is the remainder when 418 is divided by t?
98
Suppose 4*r = 2*r. Suppose r*y - 55 = -5*y. What is the remainder when 28 - -10*(-20)/(-50) is divided by y?
10
Let g = 22 + 0. Let b(v) = -239*v - 904. Calculate the remainder when b(-4) is divided by g.
8
Let n(b) = 8*b**2 + 4*b - 1. Let p be n(-1). Suppose 224 = -j + p*j. Calculate the remainder when j is divided by 60.
52
Let h = -2395 - -2861. What is the remainder when h is divided by 67?
64
Let u(h) = -h**2 - 19*h - 11. Suppose 4*g + 0*g = s + 3, -5*s - 2*g = -29. Calculate the remainder when u(-18) is divided by s.
2
Let h be (-6820)/80 - 1/(-4). Let o = -33 - h. What is the remainder when 205 is divided by o?
49
Let t = -241 + 337. Calculate the remainder when 72/t*7256/6 is divided by 65.
62
Let z be (2 + 0 + -33)*-1. Let d = -12 + z. Suppose 163 = 4*x - 5*u, -133*u = 7*x - 130*u - 203. What is the remainder when x is divided by d?
13
Let u(k) = 2*k**3 + 21*k**2 - 194*k - 27. What is the remainder when u(-16) is divided by 14?
9
Let g(u) = 9*u + 23. Let t be g(13). Let o be t/8 + 1 - (-1)/2. Suppose -o*i + 88 = -15*i. What is the remainder when i is divided by 16?
6
Let v be (-30)/35 - ((-108)/(-21) - -3). Let h(p) = -7*p**2 - 66*p + 14. Calculate the remainder when h(v) is divided by 15.
11
Suppose -38852 + 36564 = -26*r. Calculate the remainder when 473 is divided by r.
33
Suppose 2*c + 3593 + 227 = 4*c. Calculate the remainder when c is divided by 47.
30
Let n(a) be the first derivative of -a**4/4 + 13*a**3/3 - 11*a**2 + 45*a + 50. Calculate the remainder when 120 is divided by n(11).
30
Suppose 54*j = 49*j + 10. Suppose 5*z = 2*u - 33 - 95, -2*u = j*z - 100. What is the remainder when 104 is divided by u?
50
Let z(q) = -2*q**3 - 11*q**2 - 38*q + 59. What is the remainder when z(-9) is divided by 108?
104
Let h be 501/2 + 1/(-2). Let g = h - 193. Calculate the remainder when 683 is divided by g.
56
Let f(w) = 23*w - 67. Let b be f(3). Suppose -b*u + 7*n + 34 = 4*n, 4*u - 68 = n. Calculate the remainder when u is divided by 10.
7
Let t(s) = -11*s + 100. Let b be (-86)/(-12) - (22/(-12) - -2). What is the remainder when 89 is divided by t(b)?
20
Let q(d) = -101*d + 19. Let p be q(-3). Suppose s = -10*r + 7*r + 477, -2*s + p = 2*r. Calculate the remainder when r is divided by 40.
38
Let j = 480 - -1692. Suppose 3*g - 11*h + 8*h = j, -4*g + 5*h + 2895 = 0. Calculate the remainder when g is divided by 27.
23
Let f(n) = n**3 - n**2 + n. Let a(d) = -4*d**3 + 28*d**2 + 128*d + 8. Let h(b) = -a(b) - 5*f(b). What is the remainder when 96 is divided by h(-11)?
0
L